6 + 22 = 3*f + n, -n + 1 = 0. Suppose -7 = -2*d + f. What is the units digit of d?
8
Let v(p) = 11*p**2 - 16*p + 10. What is the tens digit of v(10)?
5
Suppose 0*d = -d. Suppose d = 3*b + 5*u + 5, 5*b - 5 - 12 = -2*u. Suppose -24 = -m + s, -72 - 62 = -b*m - 2*s. What is the tens digit of m?
2
Let q(b) = 0 + 7*b + 0 - 33*b + 1. Let n be q(1). Let m = n - -42. What is the tens digit of m?
1
Let a be ((-18)/12)/(3/(-10)). Suppose 0 = -3*v + 7*v - u - 528, -a*u - 246 = -2*v. Suppose 2*n - g - 2*g - v = 0, -n - g = -54. What is the tens digit of n?
5
Let i = 3374 - 2217. What is the thousands digit of i?
1
Suppose -10*y = 15 - 45. Suppose 0*q - 5*q = -3*h + 136, 139 = y*h - 2*q. What is the tens digit of h?
4
Suppose -2 - 46 = 4*y. Suppose -217 = -n - 176. Let r = n + y. What is the tens digit of r?
2
Let u = 16 + -16. Suppose -2*m - 2 = -u. Let w = m - -15. What is the units digit of w?
4
What is the tens digit of 12 + -27 + 3697 - 1*5?
7
What is the units digit of 91/21*-4*12/(-8)?
6
Suppose q + 111 = d, 60*q - 62*q = -4. What is the units digit of d?
3
Let w = -1174 - -1894. What is the tens digit of w?
2
Let p(z) = -z**3 - 14*z**2 + z + 27. Let o be p(-14). Suppose -u + 84 = 3*r, 5*r - o = -2*u + 126. What is the units digit of r?
9
Suppose -24 = s - 3*s - 5*y, -4*s = 4*y - 24. Let h = -360 - -363. Suppose 73 = s*k + 3*k - h*q, k = -2*q + 12. What is the units digit of k?
4
Suppose 4 = -3*n + 16. Suppose 2*w + 4 = 4*w, -28 = -j - n*w. What is the tens digit of j?
2
Suppose 2705 = 5*w - 5*a, 4*w - 3*a + 8*a - 2191 = 0. What is the hundreds digit of w?
5
Let j = 9 - 10. Let c = 3 + j. Suppose 0 = 5*a + c*k - 187, -3*a + 189 = 2*a + 4*k. What is the tens digit of a?
3
Suppose 534 = -7*g + 13*g. Let m(b) = 2*b**2 - b. Let r be m(1). Suppose g + r = 5*j. What is the units digit of j?
8
Suppose j - 176 = 4*j + c, 0 = -3*j - 2*c - 172. Suppose -4*p + 8*p = -8. What is the tens digit of 4/(p + 3) - j?
6
Let b be (-3 - 8)/(2/(-4)). Suppose -3*c - 712 = -4*m - 264, 2*m - c = 222. Suppose 4*p + b = 3*o - m, 0 = 3*o + 5*p - 86. What is the tens digit of o?
3
Let x be 43 - (-4 + 2 - (2 + -5)). What is the units digit of (326/4)/(21/x)?
3
Let t be (-86)/(-8) - 2/(-8). Suppose -3*s + 56 = t. Suppose -j = 2*p - s + 1, 8 = -3*j + 4*p. What is the units digit of j?
4
Let i(x) = -76*x + 2. Let a = 14 - 15. What is the units digit of i(a)?
8
Let c(h) = -h**3 + 14*h**2 - 26*h + 9. What is the units digit of c(8)?
5
Suppose -4*a + 5*c + 25 = 0, 2*c = -4*a + 7 + 11. Suppose i - 249 = -3*i - 5*v, i - 66 = -a*v. What is the units digit of i?
1
Suppose 16 = -4*j + d, -4*j = -d + 2*d + 16. Let a(i) = -2*i**3 - 3*i**2 - 4*i + 2. What is the tens digit of a(j)?
9
Let l = 6 + 143. Suppose 0 = -2*n + 3*n - 3*k - l, 0 = 5*k. What is the units digit of n?
9
Let i = 373 - -133. What is the hundreds digit of i?
5
Suppose 4*t = 6621 - 1617. What is the thousands digit of t?
1
Suppose 2*g - 890 = 3*r, 5*g - r = 3*r + 2232. Suppose -122*c - g = -126*c. What is the hundreds digit of c?
1
Suppose 0 = -4*p - 2*z + 4*z - 76, 2*z = 3*p + 59. What is the units digit of (-1 - p) + -3 + 5?
8
Let m(n) = -n + 4. Let o be m(0). Suppose 74 = o*a - b, -b = 4*a - 97 + 19. Suppose 0 = 15*s - a*s + 192. What is the tens digit of s?
4
Suppose -48*t - 20326 = -54358. What is the tens digit of t?
0
Let l(m) = -3*m - 16. Let j be l(-7). Suppose 2*z - 37 = -j. Let a = z + -4. What is the tens digit of a?
1
Suppose 2*i = -3 + 49. Let d = 18 - i. What is the tens digit of ((-234)/15)/(2/d)?
3
Suppose -4*p + 2408 = 4*d, -24*d + 4*p = -23*d - 587. What is the hundreds digit of d?
5
Let j = -480 - -862. What is the tens digit of j?
8
Let g(k) = -2*k**3 + 6*k**2 + 5*k - 4. What is the units digit of g(-5)?
1
What is the units digit of 95221/(-122)*2/(-1)?
1
What is the tens digit of (-1486)/(-14)*42/6?
4
Let o = 24 + -17. What is the units digit of (108/21)/(1/o)?
6
Let g = 28 + -27. Suppose -p - g = -0. What is the units digit of p/(-7) + (-795)/(-21)?
8
Suppose -15 = -6*c + 3*c, 4*j + c - 105 = 0. Suppose -7*x + j = -3. What is the units digit of x?
4
Suppose 5*i + 2*k = 928, -5*k - 532 = -4*i + i. Let w = 70 - i. Let z = -74 - w. What is the units digit of z?
0
Suppose -5096 = 2*d + 4*z, 3*d - 2*z = -445 - 7215. What is the units digit of 2/10 + d/(-40)?
4
Let f(c) = -2230*c + 12. What is the hundreds digit of f(-1)?
2
Let b = 571 + -261. Suppose -6*z + 218 = -b. What is the tens digit of z?
8
Suppose -2*m + 18 = -m. Let z be 10/3*m/5. Suppose -l + z = -6. What is the tens digit of l?
1
Let h = 163 + -72. Let m = 149 - h. What is the tens digit of m?
5
Let b be 0/(3/(-9)*-3). Suppose -q + 113 + 150 = b. What is the hundreds digit of q?
2
Let v = 545 + -330. What is the tens digit of v?
1
Suppose -13 = 5*t - 73. Let y = 44 + t. What is the tens digit of y?
5
Suppose -5*g = -4*g - 3, -4*i - 4*g = 864. Let w = i - -402. What is the hundreds digit of w?
1
Let y(q) = 3*q**2 - 2*q - 116. What is the hundreds digit of y(15)?
5
Let x(d) = 76*d - 258. What is the hundreds digit of x(38)?
6
Let g(y) = 97*y - 322. What is the thousands digit of g(26)?
2
Let f(j) = 4*j**2 - 2*j**3 - 3*j**3 - 6 + 4*j**3 + 7. Let g be f(-3). Suppose i + g = 4*s - i, s + 4*i - 25 = 0. What is the tens digit of s?
1
Let i = 55 - 49. What is the tens digit of 3/i - (-2485)/10?
4
Suppose 0 = 3*z - 0*z - 426. Suppose -8*m + z = -6*m. What is the units digit of m?
1
Let n = 49 + -45. Suppose -n*u + 736 = -212. What is the units digit of u?
7
Suppose -55*y + 102*y = 52123. What is the units digit of y?
9
Suppose 5*g + 5 = 0, -5*p + 3*g + 0*g = -28. Let k = 98 + -40. Suppose 8 - k = -p*x. What is the units digit of x?
0
Let z = 11 - 5. Let d be 3/z + 35/10. Suppose 3*n + 0*v - 116 = 4*v, d*n = -4*v + 108. What is the units digit of n?
2
Let l be -1 - (-2 - 25/5). Suppose -5*p + 5*b = -1235, 3*p - 2*b - 762 = -l*b. What is the units digit of p?
0
Suppose -5*b + 10444 = 3489. What is the tens digit of b?
9
Let j(l) = l**2 + 9*l - 21. Suppose 2*w + 42 = 3*z, -6 = -4*w - 5*z - 46. What is the units digit of j(w)?
9
Suppose v + v = -3*k + 16, -3*v + 2*k = -11. Suppose v*p = 10*p - 135. What is the units digit of p?
7
Let r = 233 + -150. Suppose 5*x - 180 = -i + r, 5*i + 63 = x. Suppose 5*a - x = -2*n - 0*n, 6 = -2*a. What is the tens digit of n?
3
Let o(k) = 9*k**2 - 20*k - 57. What is the thousands digit of o(-13)?
1
Let g(q) = q - 4. Let y be g(0). Let a(k) = -6*k - 85. Let i be a(-16). Let t = i + y. What is the units digit of t?
7
Let w = 18 + -13. Let d(q) = q**3 + 4*q**2 + 5*q - 3. Let j(m) = m**2 + 1. Let s(n) = w*j(n) + d(n). What is the units digit of s(-8)?
6
Let n(w) = 7*w**2 + 9 - 7*w**2 + 25*w**3 - 2*w - 26*w**3 + 13*w**2. What is the units digit of n(12)?
9
What is the tens digit of -2 - (40 - 1)*299/(-69)?
6
What is the units digit of ((-2779)/28)/((-2)/(-16)*-2)?
7
Suppose -3*r + 45 = 3*p - 15, 0 = 2*p + 5*r - 28. Suppose -42 = -2*l - y + 33, -l + p = 5*y. What is the units digit of l?
9
What is the tens digit of 158 - -397 - -3*1?
5
Let i(o) = o**2 + 11*o + 22. Let q be (-18)/12*(-1 + 7). Let b be i(q). Suppose 5*t - 4*u = 158, u + b = -u. What is the tens digit of t?
3
Suppose -f = 2*f - 9. Let t = 85 - 12. Suppose -2*q + n = 6*n - 52, -f*q - 5*n = -t. What is the tens digit of q?
2
Suppose 4*v = 5*v + 5, -3*v + 408 = 3*z. What is the units digit of z?
1
Let g = -25 - -43. Let t = -14 + g. What is the units digit of t?
4
Let y = 352 - -346. What is the units digit of y/14 - (-5)/35?
0
What is the tens digit of 37/3 - ((-16)/6 - -2)?
1
Let b(u) = -u**3 - 13*u**2 + 8*u + 5. Suppose -56 = 20*j - 16*j. What is the units digit of b(j)?
9
Suppose -3*t - y = -1037, -5*t + y + 2032 = 301. Suppose t = 5*c + 5*l - 249, -3*l = 15. What is the units digit of c?
4
Let k = -743 - -996. What is the tens digit of k?
5
Let q(n) = -n**3 + 5*n**2 + 8*n - 14. What is the units digit of q(-13)?
4
Let s be (-2 + 5)*25/3. Suppose 15*n + s = 20*n. Let r(h) = 2*h**2 - 4*h + 4. What is the units digit of r(n)?
4
What is the units digit of -8 - 200/(-12) - 2/(-6)?
9
Let p = -9 + 12. Let y be (p - 2)*(-4)/(-2). What is the units digit of 2*(16 + 2/y)?
4
Suppose 5*p - 9*p + b = -1109, 278 = p - b. What is the tens digit of p?
7
Let h be 49 - 2*2/4. Suppo